[INFO] fetching crate vapcore-wasm 0.1.0...
[INFO] building vapcore-wasm-0.1.0 against master#ff34b919075f35a1787659e9c448a34b06bab8de for issue-85264
[INFO] extracting crate vapcore-wasm 0.1.0 into /workspace/builds/worker-14/source
[INFO] validating manifest of crates.io crate vapcore-wasm 0.1.0 on toolchain ff34b919075f35a1787659e9c448a34b06bab8de
[INFO] running `Command { std: "/workspace/cargo-home/bin/cargo" "+ff34b919075f35a1787659e9c448a34b06bab8de" "metadata" "--manifest-path" "Cargo.toml" "--no-deps", kill_on_drop: false }`
[INFO] started tweaking crates.io crate vapcore-wasm 0.1.0
[INFO] finished tweaking crates.io crate vapcore-wasm 0.1.0
[INFO] tweaked toml for crates.io crate vapcore-wasm 0.1.0 written to /workspace/builds/worker-14/source/Cargo.toml
[INFO] running `Command { std: "/workspace/cargo-home/bin/cargo" "+ff34b919075f35a1787659e9c448a34b06bab8de" "generate-lockfile" "--manifest-path" "Cargo.toml" "-Zno-index-update", kill_on_drop: false }`
[INFO] running `Command { std: "/workspace/cargo-home/bin/cargo" "+ff34b919075f35a1787659e9c448a34b06bab8de" "fetch" "--manifest-path" "Cargo.toml", kill_on_drop: false }`
[INFO] [stderr]     Blocking waiting for file lock on package cache
[INFO] running `Command { std: "docker" "create" "-v" "/var/lib/crater-agent-workspace/builds/worker-14/target:/opt/rustwide/target:rw,Z" "-v" "/var/lib/crater-agent-workspace/builds/worker-14/source:/opt/rustwide/workdir:ro,Z" "-v" "/var/lib/crater-agent-workspace/cargo-home:/opt/rustwide/cargo-home:ro,Z" "-v" "/var/lib/crater-agent-workspace/rustup-home:/opt/rustwide/rustup-home:ro,Z" "-e" "SOURCE_DIR=/opt/rustwide/workdir" "-e" "CARGO_TARGET_DIR=/opt/rustwide/target" "-e" "CARGO_HOME=/opt/rustwide/cargo-home" "-e" "RUSTUP_HOME=/opt/rustwide/rustup-home" "-w" "/opt/rustwide/workdir" "-m" "1610612736" "--user" "0:0" "--network" "none" "ghcr.io/rust-lang/crates-build-env/linux@sha256:20528e8c29e4536546f0102ce88568b16ea7538393a33fcca951030f7af10457" "/opt/rustwide/cargo-home/bin/cargo" "+ff34b919075f35a1787659e9c448a34b06bab8de" "metadata" "--no-deps" "--format-version=1", kill_on_drop: false }`
[INFO] [stdout] f42835bb3695cd5b951dbe32121da1e7a48104e0195d44d5724a782a076ade69
[INFO] [stderr] WARNING: Your kernel does not support swap limit capabilities or the cgroup is not mounted. Memory limited without swap.
[INFO] running `Command { std: "docker" "start" "-a" "f42835bb3695cd5b951dbe32121da1e7a48104e0195d44d5724a782a076ade69", kill_on_drop: false }`
[INFO] running `Command { std: "docker" "inspect" "f42835bb3695cd5b951dbe32121da1e7a48104e0195d44d5724a782a076ade69", kill_on_drop: false }`
[INFO] running `Command { std: "docker" "rm" "-f" "f42835bb3695cd5b951dbe32121da1e7a48104e0195d44d5724a782a076ade69", kill_on_drop: false }`
[INFO] [stdout] f42835bb3695cd5b951dbe32121da1e7a48104e0195d44d5724a782a076ade69
[INFO] running `Command { std: "docker" "create" "-v" "/var/lib/crater-agent-workspace/builds/worker-14/target:/opt/rustwide/target:rw,Z" "-v" "/var/lib/crater-agent-workspace/builds/worker-14/source:/opt/rustwide/workdir:ro,Z" "-v" "/var/lib/crater-agent-workspace/cargo-home:/opt/rustwide/cargo-home:ro,Z" "-v" "/var/lib/crater-agent-workspace/rustup-home:/opt/rustwide/rustup-home:ro,Z" "-e" "SOURCE_DIR=/opt/rustwide/workdir" "-e" "CARGO_TARGET_DIR=/opt/rustwide/target" "-e" "CARGO_INCREMENTAL=0" "-e" "RUST_BACKTRACE=full" "-e" "RUSTFLAGS=--cap-lints=forbid" "-e" "CARGO_HOME=/opt/rustwide/cargo-home" "-e" "RUSTUP_HOME=/opt/rustwide/rustup-home" "-w" "/opt/rustwide/workdir" "-m" "1610612736" "--user" "0:0" "--network" "none" "ghcr.io/rust-lang/crates-build-env/linux@sha256:20528e8c29e4536546f0102ce88568b16ea7538393a33fcca951030f7af10457" "/opt/rustwide/cargo-home/bin/cargo" "+ff34b919075f35a1787659e9c448a34b06bab8de" "build" "--frozen" "--message-format=json", kill_on_drop: false }`
[INFO] [stdout] d52510d7779309b8c87f38684787cd18ac2ac17f2d53ddbc4daa9739d478e1d9
[INFO] [stderr] WARNING: Your kernel does not support swap limit capabilities or the cgroup is not mounted. Memory limited without swap.
[INFO] running `Command { std: "docker" "start" "-a" "d52510d7779309b8c87f38684787cd18ac2ac17f2d53ddbc4daa9739d478e1d9", kill_on_drop: false }`
[INFO] [stderr]    Compiling proc-macro2 v1.0.27
[INFO] [stderr]    Compiling unicode-xid v0.2.2
[INFO] [stderr]    Compiling syn v1.0.72
[INFO] [stderr]    Compiling serde_derive v1.0.126
[INFO] [stderr]    Compiling serde v1.0.126
[INFO] [stderr]    Compiling getrandom v0.1.16
[INFO] [stderr]    Compiling byteorder v1.4.3
[INFO] [stderr]    Compiling ppv-lite86 v0.2.10
[INFO] [stderr]    Compiling static_assertions v1.1.0
[INFO] [stderr]    Compiling either v1.6.1
[INFO] [stderr]    Compiling heapsize v0.4.2
[INFO] [stderr]    Compiling serde_json v1.0.64
[INFO] [stderr]    Compiling tetsy-bytes v0.1.2
[INFO] [stderr]    Compiling rustc-hex v1.0.0
[INFO] [stderr]    Compiling nan-preserving-float v0.1.0
[INFO] [stderr]    Compiling tetsy-rlp v0.4.5
[INFO] [stderr]    Compiling hashbrown v0.6.3
[INFO] [stderr]    Compiling log v0.4.14
[INFO] [stderr]    Compiling rand_os v0.1.3
[INFO] [stderr]    Compiling tetsy-plain-hasher v0.2.1
[INFO] [stderr]    Compiling tetsy-impl-rlp v0.2.0
[INFO] [stderr]    Compiling bitvec v0.17.4
[INFO] [stderr]    Compiling rand v0.6.5
[INFO] [stderr]    Compiling uint-crate v0.8.1
[INFO] [stderr]    Compiling tetsy-wasm v0.31.1
[INFO] [stderr]    Compiling elastic-array v0.10.3
[INFO] [stderr]    Compiling rand_core v0.5.1
[INFO] [stderr]    Compiling quote v1.0.9
[INFO] [stderr]    Compiling rand_chacha v0.2.2
[INFO] [stderr]    Compiling rand v0.7.3
[INFO] [stderr]    Compiling tetsy-trie-db v0.19.2
[INFO] [stderr]    Compiling twasm-utils v0.6.1
[INFO] [stderr]    Compiling twasmi v0.3.0
[INFO] [stderr]    Compiling tetsy-fixed-hash v0.5.0
[INFO] [stderr]    Compiling tetsy-impl-serde v0.2.2
[INFO] [stderr]    Compiling tetsy-scale-codec v1.3.0
[INFO] [stderr]    Compiling vapbloom v0.8.0
[INFO] [stderr]    Compiling tetsy-impl-codec v0.4.1
[INFO] [stderr]    Compiling tetsy-primitive-types v0.6.0
[INFO] [stderr]    Compiling vapory-types v0.8.0
[INFO] [stderr]    Compiling tetsy-keccak-hash v0.4.0
[INFO] [stderr]    Compiling tetsy-keccak-hasher v0.1.1
[INFO] [stderr]    Compiling vapjson v0.1.0
[INFO] [stderr]    Compiling patricia-trie-vapory v0.1.1
[INFO] [stderr]    Compiling tetsy-vm v0.1.0
[INFO] [stderr]    Compiling vapcore-wasm v0.1.0 (/opt/rustwide/workdir)
[INFO] [stderr]     Finished dev [unoptimized + debuginfo] target(s) in 41.49s
[INFO] running `Command { std: "docker" "inspect" "d52510d7779309b8c87f38684787cd18ac2ac17f2d53ddbc4daa9739d478e1d9", kill_on_drop: false }`
[INFO] running `Command { std: "docker" "rm" "-f" "d52510d7779309b8c87f38684787cd18ac2ac17f2d53ddbc4daa9739d478e1d9", kill_on_drop: false }`
[INFO] [stdout] d52510d7779309b8c87f38684787cd18ac2ac17f2d53ddbc4daa9739d478e1d9
[INFO] running `Command { std: "docker" "create" "-v" "/var/lib/crater-agent-workspace/builds/worker-14/target:/opt/rustwide/target:rw,Z" "-v" "/var/lib/crater-agent-workspace/builds/worker-14/source:/opt/rustwide/workdir:ro,Z" "-v" "/var/lib/crater-agent-workspace/cargo-home:/opt/rustwide/cargo-home:ro,Z" "-v" "/var/lib/crater-agent-workspace/rustup-home:/opt/rustwide/rustup-home:ro,Z" "-e" "SOURCE_DIR=/opt/rustwide/workdir" "-e" "CARGO_TARGET_DIR=/opt/rustwide/target" "-e" "CARGO_INCREMENTAL=0" "-e" "RUST_BACKTRACE=full" "-e" "RUSTFLAGS=--cap-lints=forbid" "-e" "CARGO_HOME=/opt/rustwide/cargo-home" "-e" "RUSTUP_HOME=/opt/rustwide/rustup-home" "-w" "/opt/rustwide/workdir" "-m" "1610612736" "--user" "0:0" "--network" "none" "ghcr.io/rust-lang/crates-build-env/linux@sha256:20528e8c29e4536546f0102ce88568b16ea7538393a33fcca951030f7af10457" "/opt/rustwide/cargo-home/bin/cargo" "+ff34b919075f35a1787659e9c448a34b06bab8de" "test" "--frozen" "--no-run" "--message-format=json", kill_on_drop: false }`
[INFO] [stderr] WARNING: Your kernel does not support swap limit capabilities or the cgroup is not mounted. Memory limited without swap.
[INFO] [stdout] 06973721a8cc477551ac3f2a8d1d1fd51930a8e9ceda1a3ecfa48d0dd700218d
[INFO] running `Command { std: "docker" "start" "-a" "06973721a8cc477551ac3f2a8d1d1fd51930a8e9ceda1a3ecfa48d0dd700218d", kill_on_drop: false }`
[INFO] [stderr]    Compiling quick-error v1.2.3
[INFO] [stderr]    Compiling atty v0.2.14
[INFO] [stderr]    Compiling humantime v1.3.0
[INFO] [stderr]    Compiling env_logger v0.5.13
[INFO] [stderr]    Compiling vapcore-wasm v0.1.0 (/opt/rustwide/workdir)
[INFO] [stdout] error: couldn't read src/../../res/wasm-tests/compiled/empty.wasm: No such file or directory (os error 2)
[INFO] [stdout]   --> src/tests.rs:29:3
[INFO] [stdout]    |
[INFO] [stdout] 29 |         include_bytes!(concat!("../../res/wasm-tests/compiled/", $name)).to_vec()
[INFO] [stdout]    |         ^^^^^^^^^^^^^^^^^^^^^^^^^^^^^^^^^^^^^^^^^^^^^^^^^^^^^^^^^^^^^^^^
[INFO] [stdout] ...
[INFO] [stdout] 76 |     let code = load_sample!("empty.wasm");
[INFO] [stdout]    |                -------------------------- in this macro invocation
[INFO] [stdout]    |
[INFO] [stdout]    = note: this error originates in a macro (in Nightly builds, run with -Z macro-backtrace for more info)
[INFO] [stdout] 
[INFO] [stdout] 
[INFO] [stdout] error: couldn't read src/../../res/wasm-tests/compiled/logger.wasm: No such file or directory (os error 2)
[INFO] [stdout]    --> src/tests.rs:29:3
[INFO] [stdout]     |
[INFO] [stdout] 29  |         include_bytes!(concat!("../../res/wasm-tests/compiled/", $name)).to_vec()
[INFO] [stdout]     |         ^^^^^^^^^^^^^^^^^^^^^^^^^^^^^^^^^^^^^^^^^^^^^^^^^^^^^^^^^^^^^^^^
[INFO] [stdout] ...
[INFO] [stdout] 100 |     let code = load_sample!("logger.wasm");
[INFO] [stdout]     |                --------------------------- in this macro invocation
[INFO] [stdout]     |
[INFO] [stdout]     = note: this error originates in a macro (in Nightly builds, run with -Z macro-backtrace for more info)
[INFO] [stdout] 
[INFO] [stdout] 
[INFO] [stdout] error: couldn't read src/../../res/wasm-tests/compiled/identity.wasm: No such file or directory (os error 2)
[INFO] [stdout]    --> src/tests.rs:29:3
[INFO] [stdout]     |
[INFO] [stdout] 29  |         include_bytes!(concat!("../../res/wasm-tests/compiled/", $name)).to_vec()
[INFO] [stdout]     |         ^^^^^^^^^^^^^^^^^^^^^^^^^^^^^^^^^^^^^^^^^^^^^^^^^^^^^^^^^^^^^^^^
[INFO] [stdout] ...
[INFO] [stdout] 157 |     let code = load_sample!("identity.wasm");
[INFO] [stdout]     |                ----------------------------- in this macro invocation
[INFO] [stdout]     |
[INFO] [stdout]     = note: this error originates in a macro (in Nightly builds, run with -Z macro-backtrace for more info)
[INFO] [stdout] 
[INFO] [stdout] 
[INFO] [stdout] error: couldn't read src/../../res/wasm-tests/compiled/dispersion.wasm: No such file or directory (os error 2)
[INFO] [stdout]    --> src/tests.rs:29:3
[INFO] [stdout]     |
[INFO] [stdout] 29  |         include_bytes!(concat!("../../res/wasm-tests/compiled/", $name)).to_vec()
[INFO] [stdout]     |         ^^^^^^^^^^^^^^^^^^^^^^^^^^^^^^^^^^^^^^^^^^^^^^^^^^^^^^^^^^^^^^^^
[INFO] [stdout] ...
[INFO] [stdout] 191 |     let code = load_sample!("dispersion.wasm");
[INFO] [stdout]     |                ------------------------------- in this macro invocation
[INFO] [stdout]     |
[INFO] [stdout]     = note: this error originates in a macro (in Nightly builds, run with -Z macro-backtrace for more info)
[INFO] [stdout] 
[INFO] [stdout] 
[INFO] [stdout] error: couldn't read src/../../res/wasm-tests/compiled/suicidal.wasm: No such file or directory (os error 2)
[INFO] [stdout]    --> src/tests.rs:29:3
[INFO] [stdout]     |
[INFO] [stdout] 29  |         include_bytes!(concat!("../../res/wasm-tests/compiled/", $name)).to_vec()
[INFO] [stdout]     |         ^^^^^^^^^^^^^^^^^^^^^^^^^^^^^^^^^^^^^^^^^^^^^^^^^^^^^^^^^^^^^^^^
[INFO] [stdout] ...
[INFO] [stdout] 219 |     let code = load_sample!("suicidal.wasm");
[INFO] [stdout]     |                ----------------------------- in this macro invocation
[INFO] [stdout]     |
[INFO] [stdout]     = note: this error originates in a macro (in Nightly builds, run with -Z macro-backtrace for more info)
[INFO] [stdout] 
[INFO] [stdout] 
[INFO] [stdout] error: couldn't read src/../../res/wasm-tests/compiled/suicidal.wasm: No such file or directory (os error 2)
[INFO] [stdout]    --> src/tests.rs:29:3
[INFO] [stdout]     |
[INFO] [stdout] 29  |         include_bytes!(concat!("../../res/wasm-tests/compiled/", $name)).to_vec()
[INFO] [stdout]     |         ^^^^^^^^^^^^^^^^^^^^^^^^^^^^^^^^^^^^^^^^^^^^^^^^^^^^^^^^^^^^^^^^
[INFO] [stdout] ...
[INFO] [stdout] 249 |     let code = load_sample!("suicidal.wasm");
[INFO] [stdout]     |                ----------------------------- in this macro invocation
[INFO] [stdout]     |
[INFO] [stdout]     = note: this error originates in a macro (in Nightly builds, run with -Z macro-backtrace for more info)
[INFO] [stdout] 
[INFO] [stdout] 
[INFO] [stdout] error: couldn't read src/../../res/wasm-tests/compiled/creator.wasm: No such file or directory (os error 2)
[INFO] [stdout]    --> src/tests.rs:29:3
[INFO] [stdout]     |
[INFO] [stdout] 29  |         include_bytes!(concat!("../../res/wasm-tests/compiled/", $name)).to_vec()
[INFO] [stdout]     |         ^^^^^^^^^^^^^^^^^^^^^^^^^^^^^^^^^^^^^^^^^^^^^^^^^^^^^^^^^^^^^^^^
[INFO] [stdout] ...
[INFO] [stdout] 283 |     params.code = Some(Arc::new(load_sample!("creator.wasm")));
[INFO] [stdout]     |                                 ---------------------------- in this macro invocation
[INFO] [stdout]     |
[INFO] [stdout]     = note: this error originates in a macro (in Nightly builds, run with -Z macro-backtrace for more info)
[INFO] [stdout] 
[INFO] [stdout] 
[INFO] [stdout] error: couldn't read src/../../res/wasm-tests/compiled/call.wasm: No such file or directory (os error 2)
[INFO] [stdout]    --> src/tests.rs:29:3
[INFO] [stdout]     |
[INFO] [stdout] 29  |         include_bytes!(concat!("../../res/wasm-tests/compiled/", $name)).to_vec()
[INFO] [stdout]     |         ^^^^^^^^^^^^^^^^^^^^^^^^^^^^^^^^^^^^^^^^^^^^^^^^^^^^^^^^^^^^^^^^
[INFO] [stdout] ...
[INFO] [stdout] 349 |     params.code = Some(Arc::new(load_sample!("call.wasm")));
[INFO] [stdout]     |                                 ------------------------- in this macro invocation
[INFO] [stdout]     |
[INFO] [stdout]     = note: this error originates in a macro (in Nightly builds, run with -Z macro-backtrace for more info)
[INFO] [stdout] 
[INFO] [stdout] 
[INFO] [stdout] error: couldn't read src/../../res/wasm-tests/compiled/call_gasleft.wasm: No such file or directory (os error 2)
[INFO] [stdout]    --> src/tests.rs:29:3
[INFO] [stdout]     |
[INFO] [stdout] 29  |         include_bytes!(concat!("../../res/wasm-tests/compiled/", $name)).to_vec()
[INFO] [stdout]     |         ^^^^^^^^^^^^^^^^^^^^^^^^^^^^^^^^^^^^^^^^^^^^^^^^^^^^^^^^^^^^^^^^
[INFO] [stdout] ...
[INFO] [stdout] 396 |     params.code = Some(Arc::new(load_sample!("call_gasleft.wasm")));
[INFO] [stdout]     |                                 --------------------------------- in this macro invocation
[INFO] [stdout]     |
[INFO] [stdout]     = note: this error originates in a macro (in Nightly builds, run with -Z macro-backtrace for more info)
[INFO] [stdout] 
[INFO] [stdout] 
[INFO] [stdout] error: couldn't read src/../../res/wasm-tests/compiled/call_code.wasm: No such file or directory (os error 2)
[INFO] [stdout]    --> src/tests.rs:29:3
[INFO] [stdout]     |
[INFO] [stdout] 29  |         include_bytes!(concat!("../../res/wasm-tests/compiled/", $name)).to_vec()
[INFO] [stdout]     |         ^^^^^^^^^^^^^^^^^^^^^^^^^^^^^^^^^^^^^^^^^^^^^^^^^^^^^^^^^^^^^^^^
[INFO] [stdout] ...
[INFO] [stdout] 440 |     params.code = Some(Arc::new(load_sample!("call_code.wasm")));
[INFO] [stdout]     |                                 ------------------------------ in this macro invocation
[INFO] [stdout]     |
[INFO] [stdout]     = note: this error originates in a macro (in Nightly builds, run with -Z macro-backtrace for more info)
[INFO] [stdout] 
[INFO] [stdout] 
[INFO] [stdout] error: couldn't read src/../../res/wasm-tests/compiled/call_static.wasm: No such file or directory (os error 2)
[INFO] [stdout]    --> src/tests.rs:29:3
[INFO] [stdout]     |
[INFO] [stdout] 29  |         include_bytes!(concat!("../../res/wasm-tests/compiled/", $name)).to_vec()
[INFO] [stdout]     |         ^^^^^^^^^^^^^^^^^^^^^^^^^^^^^^^^^^^^^^^^^^^^^^^^^^^^^^^^^^^^^^^^
[INFO] [stdout] ...
[INFO] [stdout] 487 |     params.code = Some(Arc::new(load_sample!("call_static.wasm")));
[INFO] [stdout]     |                                 -------------------------------- in this macro invocation
[INFO] [stdout]     |
[INFO] [stdout]     = note: this error originates in a macro (in Nightly builds, run with -Z macro-backtrace for more info)
[INFO] [stdout] 
[INFO] [stdout] 
[INFO] [stdout] error: couldn't read src/../../res/wasm-tests/compiled/realloc.wasm: No such file or directory (os error 2)
[INFO] [stdout]    --> src/tests.rs:29:3
[INFO] [stdout]     |
[INFO] [stdout] 29  |         include_bytes!(concat!("../../res/wasm-tests/compiled/", $name)).to_vec()
[INFO] [stdout]     |         ^^^^^^^^^^^^^^^^^^^^^^^^^^^^^^^^^^^^^^^^^^^^^^^^^^^^^^^^^^^^^^^^
[INFO] [stdout] ...
[INFO] [stdout] 527 |     let code = load_sample!("realloc.wasm");
[INFO] [stdout]     |                ---------------------------- in this macro invocation
[INFO] [stdout]     |
[INFO] [stdout]     = note: this error originates in a macro (in Nightly builds, run with -Z macro-backtrace for more info)
[INFO] [stdout] 
[INFO] [stdout] 
[INFO] [stdout] error: couldn't read src/../../res/wasm-tests/compiled/alloc.wasm: No such file or directory (os error 2)
[INFO] [stdout]    --> src/tests.rs:29:3
[INFO] [stdout]     |
[INFO] [stdout] 29  |         include_bytes!(concat!("../../res/wasm-tests/compiled/", $name)).to_vec()
[INFO] [stdout]     |         ^^^^^^^^^^^^^^^^^^^^^^^^^^^^^^^^^^^^^^^^^^^^^^^^^^^^^^^^^^^^^^^^
[INFO] [stdout] ...
[INFO] [stdout] 549 |     let code = load_sample!("alloc.wasm");
[INFO] [stdout]     |                -------------------------- in this macro invocation
[INFO] [stdout]     |
[INFO] [stdout]     = note: this error originates in a macro (in Nightly builds, run with -Z macro-backtrace for more info)
[INFO] [stdout] 
[INFO] [stdout] 
[INFO] [stdout] error: couldn't read src/../../res/wasm-tests/compiled/storage_read.wasm: No such file or directory (os error 2)
[INFO] [stdout]    --> src/tests.rs:29:3
[INFO] [stdout]     |
[INFO] [stdout] 29  |         include_bytes!(concat!("../../res/wasm-tests/compiled/", $name)).to_vec()
[INFO] [stdout]     |         ^^^^^^^^^^^^^^^^^^^^^^^^^^^^^^^^^^^^^^^^^^^^^^^^^^^^^^^^^^^^^^^^
[INFO] [stdout] ...
[INFO] [stdout] 575 |     let code = load_sample!("storage_read.wasm");
[INFO] [stdout]     |                --------------------------------- in this macro invocation
[INFO] [stdout]     |
[INFO] [stdout]     = note: this error originates in a macro (in Nightly builds, run with -Z macro-backtrace for more info)
[INFO] [stdout] 
[INFO] [stdout] 
[INFO] [stdout] error: couldn't read src/../../res/wasm-tests/compiled/keccak.wasm: No such file or directory (os error 2)
[INFO] [stdout]    --> src/tests.rs:29:3
[INFO] [stdout]     |
[INFO] [stdout] 29  |         include_bytes!(concat!("../../res/wasm-tests/compiled/", $name)).to_vec()
[INFO] [stdout]     |         ^^^^^^^^^^^^^^^^^^^^^^^^^^^^^^^^^^^^^^^^^^^^^^^^^^^^^^^^^^^^^^^^
[INFO] [stdout] ...
[INFO] [stdout] 603 |     let code = load_sample!("keccak.wasm");
[INFO] [stdout]     |                --------------------------- in this macro invocation
[INFO] [stdout]     |
[INFO] [stdout]     = note: this error originates in a macro (in Nightly builds, run with -Z macro-backtrace for more info)
[INFO] [stdout] 
[INFO] [stdout] 
[INFO] [stdout] error: couldn't read src/../../res/wasm-tests/compiled/math.wasm: No such file or directory (os error 2)
[INFO] [stdout]    --> src/tests.rs:29:3
[INFO] [stdout]     |
[INFO] [stdout] 29  |           include_bytes!(concat!("../../res/wasm-tests/compiled/", $name)).to_vec()
[INFO] [stdout]     |           ^^^^^^^^^^^^^^^^^^^^^^^^^^^^^^^^^^^^^^^^^^^^^^^^^^^^^^^^^^^^^^^^
[INFO] [stdout] ...
[INFO] [stdout] 637 |       let (gas_left, result) = reqrep_test!(
[INFO] [stdout]     |  ______________________________-
[INFO] [stdout] 638 | |         "math.wasm",
[INFO] [stdout] 639 | |         {
[INFO] [stdout] 640 | |             let mut args = [0u8; 65];
[INFO] [stdout] ...   |
[INFO] [stdout] 646 | |         }
[INFO] [stdout] 647 | |     ).expect("Interpreter to execute without any errors");
[INFO] [stdout]     | |_____- in this macro invocation
[INFO] [stdout]     |
[INFO] [stdout]     = note: this error originates in a macro (in Nightly builds, run with -Z macro-backtrace for more info)
[INFO] [stdout] 
[INFO] [stdout] 
[INFO] [stdout] error: couldn't read src/../../res/wasm-tests/compiled/math.wasm: No such file or directory (os error 2)
[INFO] [stdout]    --> src/tests.rs:29:3
[INFO] [stdout]     |
[INFO] [stdout] 29  |           include_bytes!(concat!("../../res/wasm-tests/compiled/", $name)).to_vec()
[INFO] [stdout]     |           ^^^^^^^^^^^^^^^^^^^^^^^^^^^^^^^^^^^^^^^^^^^^^^^^^^^^^^^^^^^^^^^^
[INFO] [stdout] ...
[INFO] [stdout] 659 |       let (gas_left, result) = reqrep_test!(
[INFO] [stdout]     |  ______________________________-
[INFO] [stdout] 660 | |         "math.wasm",
[INFO] [stdout] 661 | |         {
[INFO] [stdout] 662 | |             let mut args = [1u8; 65];
[INFO] [stdout] ...   |
[INFO] [stdout] 668 | |         }
[INFO] [stdout] 669 | |     ).expect("Interpreter to execute without any errors");
[INFO] [stdout]     | |_____- in this macro invocation
[INFO] [stdout]     |
[INFO] [stdout]     = note: this error originates in a macro (in Nightly builds, run with -Z macro-backtrace for more info)
[INFO] [stdout] 
[INFO] [stdout] 
[INFO] [stdout] error: couldn't read src/../../res/wasm-tests/compiled/math.wasm: No such file or directory (os error 2)
[INFO] [stdout]    --> src/tests.rs:29:3
[INFO] [stdout]     |
[INFO] [stdout] 29  |           include_bytes!(concat!("../../res/wasm-tests/compiled/", $name)).to_vec()
[INFO] [stdout]     |           ^^^^^^^^^^^^^^^^^^^^^^^^^^^^^^^^^^^^^^^^^^^^^^^^^^^^^^^^^^^^^^^^
[INFO] [stdout] ...
[INFO] [stdout] 681 |       let (gas_left, result) = reqrep_test!(
[INFO] [stdout]     |  ______________________________-
[INFO] [stdout] 682 | |         "math.wasm",
[INFO] [stdout] 683 | |         {
[INFO] [stdout] 684 | |             let mut args = [2u8; 65];
[INFO] [stdout] ...   |
[INFO] [stdout] 690 | |         }
[INFO] [stdout] 691 | |     ).expect("Interpreter to execute without any errors");
[INFO] [stdout]     | |_____- in this macro invocation
[INFO] [stdout]     |
[INFO] [stdout]     = note: this error originates in a macro (in Nightly builds, run with -Z macro-backtrace for more info)
[INFO] [stdout] 
[INFO] [stdout] 
[INFO] [stdout] error: couldn't read src/../../res/wasm-tests/compiled/math.wasm: No such file or directory (os error 2)
[INFO] [stdout]    --> src/tests.rs:29:3
[INFO] [stdout]     |
[INFO] [stdout] 29  |           include_bytes!(concat!("../../res/wasm-tests/compiled/", $name)).to_vec()
[INFO] [stdout]     |           ^^^^^^^^^^^^^^^^^^^^^^^^^^^^^^^^^^^^^^^^^^^^^^^^^^^^^^^^^^^^^^^^
[INFO] [stdout] ...
[INFO] [stdout] 703 |       let result = reqrep_test!(
[INFO] [stdout]     |  __________________-
[INFO] [stdout] 704 | |         "math.wasm",
[INFO] [stdout] 705 | |         {
[INFO] [stdout] 706 | |             let mut args = [2u8; 65];
[INFO] [stdout] ...   |
[INFO] [stdout] 712 | |         }
[INFO] [stdout] 713 | |     );
[INFO] [stdout]     | |_____- in this macro invocation
[INFO] [stdout]     |
[INFO] [stdout]     = note: this error originates in a macro (in Nightly builds, run with -Z macro-backtrace for more info)
[INFO] [stdout] 
[INFO] [stdout] 
[INFO] [stdout] error: couldn't read src/../../res/wasm-tests/compiled/math.wasm: No such file or directory (os error 2)
[INFO] [stdout]    --> src/tests.rs:29:3
[INFO] [stdout]     |
[INFO] [stdout] 29  |           include_bytes!(concat!("../../res/wasm-tests/compiled/", $name)).to_vec()
[INFO] [stdout]     |           ^^^^^^^^^^^^^^^^^^^^^^^^^^^^^^^^^^^^^^^^^^^^^^^^^^^^^^^^^^^^^^^^
[INFO] [stdout] ...
[INFO] [stdout] 723 |       let (gas_left, result) = reqrep_test!(
[INFO] [stdout]     |  ______________________________-
[INFO] [stdout] 724 | |         "math.wasm",
[INFO] [stdout] 725 | |         {
[INFO] [stdout] 726 | |             let mut args = [3u8; 65];
[INFO] [stdout] ...   |
[INFO] [stdout] 732 | |         }
[INFO] [stdout] 733 | |     ).expect("Interpreter to execute without any errors");
[INFO] [stdout]     | |_____- in this macro invocation
[INFO] [stdout]     |
[INFO] [stdout]     = note: this error originates in a macro (in Nightly builds, run with -Z macro-backtrace for more info)
[INFO] [stdout] 
[INFO] [stdout] 
[INFO] [stdout] error: couldn't read src/../../res/wasm-tests/compiled/setter.wasm: No such file or directory (os error 2)
[INFO] [stdout]    --> src/tests.rs:29:3
[INFO] [stdout]     |
[INFO] [stdout] 29  |         include_bytes!(concat!("../../res/wasm-tests/compiled/", $name)).to_vec()
[INFO] [stdout]     |         ^^^^^^^^^^^^^^^^^^^^^^^^^^^^^^^^^^^^^^^^^^^^^^^^^^^^^^^^^^^^^^^^
[INFO] [stdout] ...
[INFO] [stdout] 749 |     let code = Arc::new(load_sample!("setter.wasm"));
[INFO] [stdout]     |                         --------------------------- in this macro invocation
[INFO] [stdout]     |
[INFO] [stdout]     = note: this error originates in a macro (in Nightly builds, run with -Z macro-backtrace for more info)
[INFO] [stdout] 
[INFO] [stdout] 
[INFO] [stdout] error: couldn't read src/../../res/wasm-tests/compiled/externs.wasm: No such file or directory (os error 2)
[INFO] [stdout]    --> src/tests.rs:29:3
[INFO] [stdout]     |
[INFO] [stdout] 29  |           include_bytes!(concat!("../../res/wasm-tests/compiled/", $name)).to_vec()
[INFO] [stdout]     |           ^^^^^^^^^^^^^^^^^^^^^^^^^^^^^^^^^^^^^^^^^^^^^^^^^^^^^^^^^^^^^^^^
[INFO] [stdout] ...
[INFO] [stdout] 793 |       let (gas_left, result) = reqrep_test!(
[INFO] [stdout]     |  ______________________________-
[INFO] [stdout] 794 | |         "externs.wasm",
[INFO] [stdout] 795 | |         Vec::new(),
[INFO] [stdout] 796 | |         vm::EnvInfo {
[INFO] [stdout] ...   |
[INFO] [stdout] 816 | |         }
[INFO] [stdout] 817 | |     ).expect("Interpreter to execute without any errors");
[INFO] [stdout]     | |_____- in this macro invocation
[INFO] [stdout]     |
[INFO] [stdout]     = note: this error originates in a macro (in Nightly builds, run with -Z macro-backtrace for more info)
[INFO] [stdout] 
[INFO] [stdout] 
[INFO] [stdout] error: couldn't read src/../../res/wasm-tests/compiled/gasleft.wasm: No such file or directory (os error 2)
[INFO] [stdout]    --> src/tests.rs:29:3
[INFO] [stdout]     |
[INFO] [stdout] 29  |         include_bytes!(concat!("../../res/wasm-tests/compiled/", $name)).to_vec()
[INFO] [stdout]     |         ^^^^^^^^^^^^^^^^^^^^^^^^^^^^^^^^^^^^^^^^^^^^^^^^^^^^^^^^^^^^^^^^
[INFO] [stdout] ...
[INFO] [stdout] 884 |     params.code = Some(Arc::new(load_sample!("gasleft.wasm")));
[INFO] [stdout]     |                                 ---------------------------- in this macro invocation
[INFO] [stdout]     |
[INFO] [stdout]     = note: this error originates in a macro (in Nightly builds, run with -Z macro-backtrace for more info)
[INFO] [stdout] 
[INFO] [stdout] 
[INFO] [stdout] error: couldn't read src/../../res/wasm-tests/compiled/gasleft.wasm: No such file or directory (os error 2)
[INFO] [stdout]    --> src/tests.rs:29:3
[INFO] [stdout]     |
[INFO] [stdout] 29  |         include_bytes!(concat!("../../res/wasm-tests/compiled/", $name)).to_vec()
[INFO] [stdout]     |         ^^^^^^^^^^^^^^^^^^^^^^^^^^^^^^^^^^^^^^^^^^^^^^^^^^^^^^^^^^^^^^^^
[INFO] [stdout] ...
[INFO] [stdout] 909 |     params.code = Some(Arc::new(load_sample!("gasleft.wasm")));
[INFO] [stdout]     |                                 ---------------------------- in this macro invocation
[INFO] [stdout]     |
[INFO] [stdout]     = note: this error originates in a macro (in Nightly builds, run with -Z macro-backtrace for more info)
[INFO] [stdout] 
[INFO] [stdout] 
[INFO] [stdout] error: couldn't read src/../../res/wasm-tests/compiled/keccak.wasm: No such file or directory (os error 2)
[INFO] [stdout]    --> src/tests.rs:29:3
[INFO] [stdout]     |
[INFO] [stdout] 29  |         include_bytes!(concat!("../../res/wasm-tests/compiled/", $name)).to_vec()
[INFO] [stdout]     |         ^^^^^^^^^^^^^^^^^^^^^^^^^^^^^^^^^^^^^^^^^^^^^^^^^^^^^^^^^^^^^^^^
[INFO] [stdout] ...
[INFO] [stdout] 921 |     let mut code = load_sample!("keccak.wasm");
[INFO] [stdout]     |                    --------------------------- in this macro invocation
[INFO] [stdout]     |
[INFO] [stdout]     = note: this error originates in a macro (in Nightly builds, run with -Z macro-backtrace for more info)
[INFO] [stdout] 
[INFO] [stdout] 
[INFO] [stdout] error: couldn't read src/../../res/wasm-tests/compiled/events.wasm: No such file or directory (os error 2)
[INFO] [stdout]    --> src/tests.rs:29:3
[INFO] [stdout]     |
[INFO] [stdout] 29  |         include_bytes!(concat!("../../res/wasm-tests/compiled/", $name)).to_vec()
[INFO] [stdout]     |         ^^^^^^^^^^^^^^^^^^^^^^^^^^^^^^^^^^^^^^^^^^^^^^^^^^^^^^^^^^^^^^^^
[INFO] [stdout] ...
[INFO] [stdout] 953 |     let code = load_sample!("events.wasm");
[INFO] [stdout]     |                --------------------------- in this macro invocation
[INFO] [stdout]     |
[INFO] [stdout]     = note: this error originates in a macro (in Nightly builds, run with -Z macro-backtrace for more info)
[INFO] [stdout] 
[INFO] [stdout] 
[INFO] [stdout] error: couldn't read src/../../res/wasm-tests/compiled/recursive.wasm: No such file or directory (os error 2)
[INFO] [stdout]    --> src/tests.rs:29:3
[INFO] [stdout]     |
[INFO] [stdout] 29  |         include_bytes!(concat!("../../res/wasm-tests/compiled/", $name)).to_vec()
[INFO] [stdout]     |         ^^^^^^^^^^^^^^^^^^^^^^^^^^^^^^^^^^^^^^^^^^^^^^^^^^^^^^^^^^^^^^^^
[INFO] [stdout] ...
[INFO] [stdout] 991 |     let code = load_sample!("recursive.wasm");
[INFO] [stdout]     |                ------------------------------ in this macro invocation
[INFO] [stdout]     |
[INFO] [stdout]     = note: this error originates in a macro (in Nightly builds, run with -Z macro-backtrace for more info)
[INFO] [stdout] 
[INFO] [stdout] 
[INFO] [stdout] error[E0433]: failed to resolve: use of undeclared crate or module `vm`
[INFO] [stdout]    --> src/tests.rs:716:7
[INFO] [stdout]     |
[INFO] [stdout] 716 |         Err(vm::Error::Wasm(_)) => {},
[INFO] [stdout]     |             ^^ use of undeclared crate or module `vm`
[INFO] [stdout] 
[INFO] [stdout] 
[INFO] [stdout] error[E0433]: failed to resolve: use of undeclared crate or module `vm`
[INFO] [stdout]    --> src/tests.rs:796:3
[INFO] [stdout]     |
[INFO] [stdout] 796 |         vm::EnvInfo {
[INFO] [stdout]     |         ^^ use of undeclared crate or module `vm`
[INFO] [stdout] 
[INFO] [stdout] 
[INFO] [stdout] error[E0599]: no method named `clone` found for struct `Arc<_>` in the current scope
[INFO] [stdout]    --> src/tests.rs:755:26
[INFO] [stdout]     |
[INFO] [stdout] 755 |     params.code = Some(code.clone());
[INFO] [stdout]     |                             ^^^^^ method not found in `Arc<_>`
[INFO] [stdout]     |
[INFO] [stdout]     = note: `code` is a function, perhaps you wish to call it
[INFO] [stdout] 
[INFO] [stdout] 
[INFO] [stdout] error[E0599]: no method named `clone` found for struct `Arc<_>` in the current scope
[INFO] [stdout]    --> src/tests.rs:774:26
[INFO] [stdout]     |
[INFO] [stdout] 774 |     params.code = Some(code.clone());
[INFO] [stdout]     |                             ^^^^^ method not found in `Arc<_>`
[INFO] [stdout]     |
[INFO] [stdout]     = note: `code` is a function, perhaps you wish to call it
[INFO] [stdout] 
[INFO] [stdout] 
[INFO] [stdout] error: aborting due to 31 previous errors
[INFO] [stdout] 
[INFO] [stdout] 
[INFO] [stdout] Some errors have detailed explanations: E0433, E0599.
[INFO] [stdout] 
[INFO] [stdout] For more information about an error, try `rustc --explain E0433`.
[INFO] [stdout] 
[INFO] [stderr] error: could not compile `vapcore-wasm`
[INFO] [stderr] 
[INFO] [stderr] To learn more, run the command again with --verbose.
[INFO] running `Command { std: "docker" "inspect" "06973721a8cc477551ac3f2a8d1d1fd51930a8e9ceda1a3ecfa48d0dd700218d", kill_on_drop: false }`
[INFO] running `Command { std: "docker" "rm" "-f" "06973721a8cc477551ac3f2a8d1d1fd51930a8e9ceda1a3ecfa48d0dd700218d", kill_on_drop: false }`
[INFO] [stdout] 06973721a8cc477551ac3f2a8d1d1fd51930a8e9ceda1a3ecfa48d0dd700218d
